factor of 156 and 285320360.
52
Calculate the highest common divisor of 729 and 2916216.
27
Calculate the highest common divisor of 6735 and 3261.
3
Calculate the greatest common factor of 5882352 and 22632.
984
What is the highest common factor of 53284544 and 32?
32
What is the highest common divisor of 12090 and 1311570?
390
Calculate the greatest common factor of 4002 and 4588293.
2001
Calculate the greatest common divisor of 1304 and 26452292.
652
Calculate the highest common factor of 18880 and 29857540.
1180
What is the highest common factor of 463484 and 238?
14
Calculate the greatest common factor of 249275 and 1995675.
1475
Calculate the greatest common factor of 103883 and 141947.
793
Calculate the highest common divisor of 3 and 42287.
1
What is the highest common factor of 31059 and 30617?
17
What is the greatest common divisor of 1545120 and 18720?
1440
Calculate the greatest common divisor of 1410 and 469295.
235
What is the highest common factor of 15921530 and 164?
82
Calculate the highest common factor of 4588157 and 1113.
371
Calculate the greatest common factor of 46 and 21484783.
23
Calculate the highest common factor of 367524 and 153716.
332
Calculate the greatest common divisor of 2660 and 15450610.
1330
Calculate the highest common divisor of 106166277 and 567.
63
Calculate the greatest common divisor of 34249905 and 270.
135
What is the highest common divisor of 29152 and 143424?
32
What is the highest common divisor of 610643 and 143301?
1291
Calculate the highest common factor of 105 and 21500220.
105
What is the highest common divisor of 47 and 647990551?
47
What is the greatest common divisor of 1591 and 1745697703?
1591
Calculate the greatest common divisor of 4488000 and 202224.
528
What is the greatest common divisor of 7813 and 258133707?
7813
What is the highest common divisor of 74115616 and 752?
752
Calculate the highest common divisor of 2035429530 and 7467.
7467
Calculate the greatest common factor of 13118949 and 513.
513
What is the greatest common divisor of 364514125 and 265?
265
What is the highest common divisor of 1410100 and 36875?
1475
What is the greatest common divisor of 1926959 and 40549?
1763
What is the greatest common factor of 82 and 8743250?
82
What is the greatest common factor of 302562 and 14634?
54
Calculate the greatest common factor of 32 and 53527216.
16
What is the greatest common factor of 4005 and 64136070?
4005
What is the highest common factor of 2090437 and 27721?
19
What is the highest common divisor of 187245856 and 7840?
1568
Calculate the highest common divisor of 155370 and 260670.
30
What is the highest common factor of 279560 and 640?
40
Calculate the highest common factor of 120 and 27105880.
40
What is the highest common factor of 38808391 and 149?
149
Calculate the highest common divisor of 47452140 and 3950.
790
What is the highest common divisor of 196 and 221388?
4
What is the greatest common divisor of 9965238 and 66?
6
Calculate the highest common factor of 8895663 and 63.
63
What is the greatest common divisor of 911544374 and 13624?
3406
Calculate the highest common factor of 298984 and 49.
7
What is the highest common divisor of 7267 and 22666547?
43
What is the greatest common divisor of 283 and 10975589?
283
Calculate the greatest common factor of 7918 and 6939313.
37
What is the greatest common factor of 493 and 7368291?
29
What is the highest common divisor of 198802125 and 405?
45
Calculate the greatest common divisor of 3964416 and 406.
58
Calculate the highest common factor of 29500507 and 37.
37
What is the highest common divisor of 123 and 304052679?
123
What is the highest common factor of 6301296 and 54?
18
Calculate the highest common divisor of 1312297 and 203.
7
Calculate the highest common divisor of 110 and 44661620.
10
What is the greatest common divisor of 295 and 5828635?
5
What is the greatest common factor of 25065648 and 32?
16
What is the greatest common factor of 4294 and 182947?
113
Calculate the highest common factor of 5112653 and 60151.
91
What is the highest common divisor of 210555761 and 221?
221
What is the greatest common factor of 83850 and 1653990?
390
What is the greatest common factor of 20 and 1576175?
5
What is the highest common divisor of 366338416 and 212224?
13264
What is the highest common factor of 241 and 53052535?
241
What is the greatest common divisor of 25952 and 378624?
32
Calculate the highest common divisor of 1520 and 312309536.
304
What is the highest common factor of 480 and 5028240?
240
Calculate the highest common divisor of 713 and 60203581.
713
Calculate the greatest common divisor of 52771 and 452.
113
Calculate the greatest common divisor of 23897 and 10327.
23
What is the greatest common factor of 274 and 172423?
1
Calculate the greatest common divisor of 35640 and 76068720.
3240
What is the highest common factor of 42506 and 560598?
802
Calculate the greatest common divisor of 76917106 and 667.
667
Calculate the greatest common factor of 9906 and 267308457.
4953
What is the highest common factor of 7006418 and 1074?
358
Calculate the highest common factor of 92700580 and 3220.
3220
Calculate the highest common divisor of 158574147 and 51.
51
Calculate the greatest common factor of 77775072 and 94974.
8634
Calculate the greatest common factor of 69825 and 62955.
15
What is the highest common divisor of 1512 and 4652928?
504
Calculate the highest common divisor of 1915582761 and 207.
207
What is the highest common factor of 22413247 and 69?
23
Calculate the greatest common divisor of 119670 and 13180.
10
What is the highest common divisor of 5014 and 11413499?
109
Calculate the highest common divisor of 3857 and 272613311.
551
Calculate the highest common factor of 1011366070 and 2860.
1430
What is the greatest common divisor of 190 and 13718?
38
Calculate the highest common divisor of 63923457 and 26.
13
Calculate the highest common factor of 61178727 and 171.
57
What is the greatest common divisor of 893 and 9243253?
19
Calculate the greatest common divisor of 2872951543 and 259.
259
What is the greatest common factor of 437 and 4545283?
23
What is the highest common divisor of 125255 and 136448?
533
Calculate the greatest common factor of 4104144 and 5643.
99
Calculate the highest common factor of 400 and 856952.
8
What is the greatest common factor of 168 and 106411848?
24
What is the highest common divisor of 40676409 and 774?
387
Calculate the highest common divisor of 3464 and 35383028.
1732
Calculate the greatest common factor of 133190 and 526680.
190
Calculate the highest common divisor of 2089750 and 2500.
250
Calculate the highest common divisor of 69734 and 350994.
14
What is the greatest common factor of 748 and 36447388?
68
Calculate the greatest common factor of 260568 and 1269282.
1974
Calculate the highest common factor of 73216 and 3106048.
2816
Calculate the highest common factor of 15856750 and 3640.
910
Calculate the highest common factor of 33998 and 585086.
178
Calculate the greatest common factor of 34685436 and 39387.
2073
What is the highest common factor of 46339289 and 114255?
2539
Calculate the highest common divisor of 7830 and 22400064.
1566
Calculate the highest common divisor of 144600 and 761400.
600
What is the highest common divisor of 1285 and 2086715?
5
Calculate the greatest common divisor of 2442770 and 1802.
106
Calculate the greatest common factor of 2258 and 76978607.
1129
What is the highest common divisor of 14563567 and 61?
61
Calculate the greatest common factor of 272 and 30955572.
68
Calculate the highest common factor of 5098803112 and 1651.
1651
What is the greatest common divisor of 696 and 962800?
232
Calculate the greatest common factor of 1052800 and 3284400.
2800
What is the greatest common factor of 928 and 256241767?
29
What is the highest common divisor of 2613 and 7617297?
201
Calculate the greatest common factor of 2317 and 91252397.
331
What is the greatest common divisor of 17499 and 16483137?
921
What is the highest common factor of 466 and 573646?
466
What is the highest common divisor of 73695720 and 315?
105
What is the greatest common factor of 1271837 and 245?
7
Calculate the highest common divisor of 981339 and 5037.
219
